4?
2, 289637
List the prime factors of 675810.
2, 3, 5, 2503
List the prime factors of 23724584.
2, 13, 157, 1453
What are the prime factors of 169867?
37, 4591
What are the prime factors of 149091?
3, 49697
List the prime factors of 189225.
3, 5, 29
What are the prime factors of 17500851?
3, 1944539
What are the prime factors of 2079456?
2, 3, 21661
List the prime factors of 1524814.
2, 762407
List the prime factors of 9462278.
2, 7, 675877
List the prime factors of 137463.
3, 45821
List the prime factors of 175969.
149, 1181
List the prime factors of 1427378.
2, 257, 2777
List the prime factors of 173092.
2, 109, 397
List the prime factors of 1648001.
1648001
List the prime factors of 15588095.
5, 53, 59, 997
List the prime factors of 632478.
2, 3, 7, 11, 37
List the prime factors of 888340.
2, 5, 44417
What are the prime factors of 1589315?
5, 7, 13, 499
List the prime factors of 67594.
2, 33797
What are the prime factors of 5460278?
2, 31, 88069
What are the prime factors of 218416?
2, 11, 17, 73
What are the prime factors of 521129?
7, 109, 683
What are the prime factors of 123949?
7, 17707
What are the prime factors of 191618?
2, 7, 13687
List the prime factors of 4286590.
2, 5, 7, 11, 19, 293
What are the prime factors of 9026224?
2, 37, 79, 193
What are the prime factors of 4865010?
2, 3, 5, 257, 631
List the prime factors of 11151407.
73, 173, 883
List the prime factors of 13538128.
2, 29, 163, 179
List the prime factors of 360290.
2, 5, 7, 5147
What are the prime factors of 8116831?
257, 31583
List the prime factors of 8691983.
277, 31379
List the prime factors of 202889.
202889
List the prime factors of 892905.
3, 5, 13, 19, 241
What are the prime factors of 3291765?
3, 5, 219451
What are the prime factors of 442941?
3, 147647
List the prime factors of 689586.
2, 3, 19, 23, 263
List the prime factors of 14295591.
3, 1588399
What are the prime factors of 543576?
2, 3, 11, 29, 71
What are the prime factors of 256657?
23, 11159
What are the prime factors of 9155177?
41, 47, 4751
List the prime factors of 2290969.
2290969
List the prime factors of 1971033.
3, 239, 2749
List the prime factors of 940083.
3, 17, 18433
What are the prime factors of 2711143?
17, 101, 1579
What are the prime factors of 653577?
3, 217859
What are the prime factors of 5648724?
2, 3, 193, 271
What are the prime factors of 619500?
2, 3, 5, 7, 59
What are the prime factors of 241418?
2, 120709
List the prime factors of 1669547.
11, 23, 6599
List the prime factors of 178491.
3, 59497
List the prime factors of 2201608.
2, 275201
List the prime factors of 15740595.
3, 5, 13, 8969
List the prime factors of 853780.
2, 5, 42689
List the prime factors of 156959.
11, 19, 751
List the prime factors of 1579220.
2, 5, 281
What are the prime factors of 42876?
2, 3, 397
What are the prime factors of 23881501?
7, 31, 167, 659
What are the prime factors of 11045042?
2, 19, 290659
What are the prime factors of 90282?
2, 3, 41, 367
What are the prime factors of 440630?
2, 5, 139, 317
List the prime factors of 954757.
954757
What are the prime factors of 813340?
2, 5, 11, 3697
What are the prime factors of 1108658?
2, 467, 1187
List the prime factors of 6820108.
2, 1061, 1607
What are the prime factors of 317892?
2, 3, 59, 449
List the prime factors of 14247618.
2, 3, 7, 11, 30839
What are the prime factors of 1603074?
2, 3, 11, 107, 227
List the prime factors of 341976.
2, 3, 14249
List the prime factors of 3510195.
3, 5, 13, 47, 383
What are the prime factors of 621844?
2, 155461
List the prime factors of 1342055.
5, 11, 13, 1877
What are the prime factors of 22748883?
3, 251, 30211
What are the prime factors of 8435748?
2, 3, 47, 14957
List the prime factors of 953137.
101, 9437
What are the prime factors of 2185065?
3, 5, 59, 823
List the prime factors of 276227.
7, 39461
What are the prime factors of 8989839?
3, 233, 1429
What are the prime factors of 761805?
3, 5, 11, 19
List the prime factors of 14017715.
5, 2803543
What are the prime factors of 20837789?
7, 223, 1907
What are the prime factors of 962232?
2, 3, 40093
What are the prime factors of 4905987?
3, 1635329
What are the prime factors of 45661?
7, 11, 593
What are the prime factors of 211908?
2, 3, 17659
List the prime factors of 5875304.
2, 23, 37, 863
List the prime factors of 231208.
2, 28901
List the prime factors of 7104451.
7104451
List the prime factors of 1154174.
2, 7, 19, 4339
What are the prime factors of 1638109?
11, 137, 1087
List the prime factors of 1353838.
2, 676919
What are the prime factors of 10525107?
3, 19, 184651
List the prime factors of 89634.
2, 3, 14939
What are the prime factors of 16106523?
3, 197, 27253
List the prime factors of 319277.
7, 17, 2683
List the prime factors of 9498956.
2, 1487, 1597
What are the prime factors of 14317478?
2, 7, 1022677
What are the prime factors of 5821453?
11, 167, 3169
What are the prime factors of 452715?
3, 5, 30181
What are the prime factors of 8281435?
5, 19, 179, 487
List the prime factors of 3705920.
2, 5, 37, 313
List the prime factors of 20811656.
2, 43, 101, 599
List the prime factors of 1192981.
811, 1471
List the prime factors of 120402.
2, 3, 6689
List the prime factors of 1253039.
173, 7243
List the prime factors of 233060.
2, 5, 43, 271
What are the prime factors of 97770?
2, 3, 5, 3259
List the prime factors of 3523589.
3523589
What are the prime factors of 462129?
3, 154043
List the prime factors of 2183870.
2, 5, 13, 107, 157
What are the prime factors of 307076?
2, 7, 11, 997
What are the prime factors of 5638523?
11, 512593
What are the prime factors of 3082899?
3, 17, 60449
What are the prime factors of 3952274?
2, 23, 151, 569
What are the prime factors of 199249?
23, 8663
List the prime factors of 2638982.
2, 61, 97, 223
List the prime factors of 1895978.
2, 7, 135427
List the prime factors of 1110774.
2, 3, 7, 53, 499
List the prime factors of 264209.
11, 24019
List the prime factors of 3863040.
2, 3, 5, 503
List the prime factors of 14299060.
2, 5, 31, 23063
What are the prime factors of 260838?
2, 3, 43, 337
What are the prime factors of 13753503?
3, 509389
List the prime factors of 83416.
2, 10427
What are the prime factors of 454465?
5, 11, 8263
List the prime factors of 9289961.
109, 85229
What are the prime factors of 34213?
34213
List the prime factors of 24793380.
2, 3, 5, 181, 761
What are the prime factors of 19167158?
2, 9583579
List the prime factors of 4072227.
3, 557, 2437
List the prime factors of 1873875.
3, 5, 19, 263
What are the prime factors of 3098146?
2, 23, 47, 1433
List the prime factors of 1001440.
2, 5, 11, 569
List the prime factors of 26145581.
7, 11, 83, 4091
List the prime factors of 526163.
11, 31, 1543
List the prime factors of 25159512.
2, 3, 7, 149759
List the prime factors of 296254.
2, 7, 3023
List the prime factors of 765935.
5, 17, 9011
What are the prime factors of 1229814?
2, 3, 17, 4019
List the prime factors of 5610209.
11, 53, 9623
List the prime factors of 960971.
11, 199, 439
What are the prime factors of 702314?
2, 351157
List the prime factors of 5219337.
3, 241, 7219
What are the prime factors of 7797479?
907, 8597
List the prime factors of 1156848.
2, 3, 7, 11, 313
List the prime factors of 19649952.
2, 3, 7, 19
What are the prime factors of 1325389?
13, 43, 2371
What are the prime factors of 725714?
2, 11, 32987
What are the prime factors of 149759?
149759
List the prime factors of 8614.
2, 59, 73
List the prime factors of 8572458.
2, 3, 19, 29, 2593
What are the prime factors of 9776872?
2, 7, 509
List the prime factors of 187464.
2, 3, 73, 107
What are the prime factors of 1335480?
2, 3, 5, 31, 359
List the prime factors of 334111.
229, 1459
What are the prime factors of 16376762?
2, 701, 11681
List the prime factors of 505373.
11, 45943
List the prime factors of 1825191.
3, 202799
List the prime factors of 34048152.
2, 3, 19, 24889
What are the prime factors of 1845974?
2, 13, 70999
List the prime factors of 2481714.
2, 3, 137873
List the prime factors of 912924.
2, 3, 79, 107
List the prime factors of 99000.
2, 3, 5, 11
List the prime factors of 19006255.
5, 17, 31, 7213
What are the prime factors of 533639?
223, 2393
What are the prime factors of 5896088?
2, 11, 6091
List t